digit of 4576601?
7
What is the ten thousands digit of 5801200?
0
What is the ten millions digit of 15906804?
1
What is the ten thousands digit of 1685843?
8
What is the ten thousands digit of 6118504?
1
What is the thousands digit of 6619503?
9
What is the tens digit of 263059?
5
What is the ten thousands digit of 95513?
9
What is the units digit of 4526735?
5
What is the thousands digit of 92747?
2
What is the millions digit of 3006459?
3
What is the hundred thousands digit of 2520555?
5
What is the thousands digit of 478530?
8
What is the thousands digit of 244557?
4
What is the hundreds digit of 473469?
4
What is the thousands digit of 326015?
6
What is the ten thousands digit of 499923?
9
What is the tens digit of 760874?
7
What is the hundreds digit of 218324?
3
What is the hundreds digit of 279074?
0
What is the tens digit of 75756?
5
What is the units digit of 250014?
4
What is the ten thousands digit of 10889257?
8
What is the hundreds digit of 7139318?
3
What is the hundred thousands digit of 287681?
2
What is the hundreds digit of 5123552?
5
What is the millions digit of 5815578?
5
What is the hundred thousands digit of 23250308?
2
What is the tens digit of 8426001?
0
What is the thousands digit of 3287047?
7
What is the units digit of 85404?
4
What is the thousands digit of 2630933?
0
What is the units digit of 739148?
8
What is the thousands digit of 9157789?
7
What is the tens digit of 17007803?
0
What is the hundreds digit of 2769155?
1
What is the ten thousands digit of 2102075?
0
What is the millions digit of 1171097?
1
What is the ten thousands digit of 511675?
1
What is the hundreds digit of 7038272?
2
What is the ten thousands digit of 314629?
1
What is the thousands digit of 114626?
4
What is the ten thousands digit of 138020?
3
What is the thousands digit of 2472787?
2
What is the units digit of 529717?
7
What is the thousands digit of 288683?
8
What is the hundred thousands digit of 18634944?
6
What is the thousands digit of 2312418?
2
What is the millions digit of 7682643?
7
What is the units digit of 1499463?
3
What is the thousands digit of 13629259?
9
What is the millions digit of 1124972?
1
What is the tens digit of 7714539?
3
What is the thousands digit of 19794?
9
What is the hundred thousands digit of 1792451?
7
What is the hundreds digit of 6121890?
8
What is the ten thousands digit of 12565939?
6
What is the hundreds digit of 405541?
5
What is the tens digit of 614185?
8
What is the units digit of 1914636?
6
What is the hundreds digit of 86512?
5
What is the units digit of 401894?
4
What is the ten thousands digit of 14631?
1
What is the tens digit of 6573505?
0
What is the hundred thousands digit of 615551?
6
What is the units digit of 280701?
1
What is the millions digit of 2353349?
2
What is the units digit of 1841826?
6
What is the hundreds digit of 134883?
8
What is the units digit of 1046365?
5
What is the hundred thousands digit of 650487?
6
What is the tens digit of 404686?
8
What is the tens digit of 31343?
4
What is the units digit of 12161125?
5
What is the millions digit of 2545821?
2
What is the ten thousands digit of 108005?
0
What is the hundred thousands digit of 328906?
3
What is the thousands digit of 1534164?
4
What is the millions digit of 2190061?
2
What is the units digit of 297162?
2
What is the hundreds digit of 8866680?
6
What is the tens digit of 1696865?
6
What is the hundreds digit of 14906465?
4
What is the units digit of 1300702?
2
What is the thousands digit of 307674?
7
What is the ten thousands digit of 77912?
7
What is the tens digit of 522730?
3
What is the millions digit of 1464060?
1
What is the units digit of 305619?
9
What is the units digit of 325715?
5
What is the thousands digit of 9236545?
6
What is the tens digit of 11028657?
5
What is the thousands digit of 85588?
5
What is the hundred thousands digit of 3738725?
7
What is the hundred thousands digit of 483186?
4
What is the units digit of 167008?
8
What is the units digit of 5591054?
4
What is the tens digit of 2887503?
0
What is the ten thousands digit of 437126?
3
What is the tens digit of 356802?
0
What is the thousands digit of 555732?
5
What is the hundred thousands digit of 15826227?
8
What is the hundred thousands digit of 1316775?
3
What is the units digit of 220181?
1
What is the hundred thousands digit of 132430?
1
What is the units digit of 63982?
2
What is the tens digit of 2721904?
0
What is the hundreds digit of 57038?
0
What is the tens digit of 1058938?
3
What is the hundreds digit of 918338?
3
What is the units digit of 8020312?
2
What is the thousands digit of 17187268?
7
What is the ten thousands digit of 257564?
5
What is the ten thousands digit of 4965177?
6
What is the ten thousands digit of 6304166?
0
What is the hundreds digit of 1043964?
9
What is the hundred thousands digit of 4917847?
9
What is the millions digit of 10392544?
0
What is the ten thousands digit of 11938134?
3
What is the thousands digit of 901997?
1
What is the tens digit of 87795?
9
What is the ten thousands digit of 5246740?
4
What is the tens digit of 1713902?
0
What is the hundred thousands digit of 191859?
1
What is the millions digit of 7712886?
7
What is the tens digit of 69279?
7
What is the thousands digit of 464118?
4
What is the units digit of 17723351?
1
What is the ten thousands digit of 729896?
2
What is the units digit of 15805083?
3
What is the ten thousands digit of 2591206?
9
What is the hundred thousands digit of 542492?
5
What is the tens digit of 239215?
1
What is the units digit of 1421754?
4
What is the hundred thousands digit of 377498?
3
What is the ten millions digit of 18087503?
1
What is the hundred thousands digit of 1279801?
2
What is the hundred thousands digit of 504684?
5
What is the ten millions digit of 18025683?
1
What is the tens digit of 43743?
4
What is the units digit of 4136373?
3
What is the hundreds digit of 875962?
9
What is the hundred thousands digit of 108182?
1
What is the tens digit of 4386837?
3
What is the hundred thousands digit of 2203283?
2
What is the hundred thousands digit of 4442634?
4
What is the hundred thousands digit of 734621?
7
What is the hundreds digit of 4497?
4
What is the tens digit of 7819652?
5
What is the thousands digit of 2178771?
8
What is the tens digit of 40068297?
9
What is the hundred thousands digit of 733694?
7
What is the millions digit of 11293273?
1
What is the thousands digit of 213687?
3
What is the hundred thousands digit of 216252?
2
What is the thousands digit of 2093414?
3
What is the hundreds digit of 750836?
8
What is the millions digit of 4697570?
4
What is the units digit of 1612739?
9
What is the tens digit of 426871?
7
What is the hundred thousands digit of 399457?
3
What is the ten thousands digit of 211366?
1
What is the tens digit of 6388009?
0
What is the hundred thousands digit of 2615717?
6
What is the ten thousands digit of 6866653?
6
What is the ten thousands digit of 224916?
2
What is the hundreds digit of 117717?
7
What is the thousands digit of 376844?
6
What is the hundreds digit of 621339?
3
What is the hundred thousands digit of 1592323?
5
What is the units digit of 2976044?
4
What is the thousands digit of 5148041?
8
What is the thousands digit of 3691561?
1
What is the hundreds digit of 11215?
2
What is the tens digit of 771443?
4
What is the tens digit of 473631?
3
What is the thousands digit of 652100?
2
What is the units digit of 329189?
9
What is the thousands digit of 16608743?
8
What is the tens digit of 1988110?
1
What is the hundreds digit of 15675164?
1
What is the thousands digit of 1047712?
7
What is the millions digit of 5097495?
5
What is the units digit of 340334?
4
What is the units digit of 502095?
5
What is the ten thousands digit of 9855770?
5
What is the hundreds digit of 138045?
0
What is the millions digit of 3081921?
3
What is the hundred thousands digit of 4206669?
2
What is the ten thousands digit of 1253308?
5
What is the thousands digit of 158209?
8
What is the ten thousands digit of 2259188?
5
What is the tens digit of 4296435?
3
What is the ten thousands digit of 192955?
9
What is the tens digit of 458037?
3
What is the hundred thousands digit of 407165?
4
What is the hundred thousa